{"id":167,"date":"2020-11-20T21:50:42","date_gmt":"2020-11-20T21:50:42","guid":{"rendered":"https:\/\/elections.montreal.ca\/?page_id=167"},"modified":"2025-06-11T10:59:09","modified_gmt":"2025-06-11T15:59:09","slug":"a-propos","status":"publish","type":"page","link":"https:\/\/elections.montreal.ca\/fr\/a-propos\/","title":{"rendered":"\u00c0 propos"},"content":{"rendered":"<div class=\"col-text-image-lr block\">\n    <div class=\"container\">\n        <div class=\"row justify-content-between with-img\">\n            <div class=\"col-md-7\">\n                <div class=\"col-content\">\n                    <h2><\/h2>\n                    <div class=\"pn-wysiwyg\">\n\t\t<p>&Eacute;lections Montr&eacute;al est l&rsquo;organisme responsable d&rsquo;organiser les &eacute;lections dans la Ville de Montr&eacute;al de mani&egrave;re neutre et impartiale.<\/p>\n<p>L&rsquo;organisme est dirig&eacute; par le <span class=\"glossaryLink\"  aria-describedby=\"tt\"  data-cmtooltip=\"&lt;div class=glossaryItemTitle&gt;Pr&eacute;sident d&rsquo;&eacute;lection&lt;\/div&gt;&lt;div class=glossaryItemBody&gt;&amp;lt;!-- wp:table --&amp;gt;&amp;lt;figure class=&amp;quot;wp-block-table&amp;quot;&amp;gt;&amp;lt;table&amp;gt;&amp;lt;tbody&amp;gt;&amp;lt;tr&amp;gt;&amp;lt;td&amp;gt;Responsable de l&rsquo;&eacute;lection. Le greffier de la Ville est pr&eacute;sident d&amp;#039;&eacute;lection.&amp;lt;\/td&amp;gt;&amp;lt;\/tr&amp;gt;&amp;lt;\/tbody&amp;gt;&amp;lt;\/table&amp;gt;&amp;lt;\/figure&amp;gt;&amp;lt;!-- \/wp:table --&amp;gt;&lt;\/div&gt;\"  data-gt-translate-attributes='[{\"attribute\":\"data-cmtooltip\", \"format\":\"html\"}]' tabindex='0' role='link'>pr&eacute;sident d&rsquo;&eacute;lection<\/span>, qui est aussi le greffier de la Ville. Son r&ocirc;le est d&rsquo;assurer le bon d&eacute;roulement et l&rsquo;int&eacute;grit&eacute; des &eacute;lections.<\/p>\n<p>Le personnel d&rsquo;&Eacute;lections Montr&eacute;al accomplit &eacute;galement ses t&acirc;ches avec la plus grande neutralit&eacute;, conform&eacute;ment &agrave; la Loi sur les &eacute;lections et les r&eacute;f&eacute;rendums dans les municipalit&eacute;s.<\/p>\n<p>Sur son site internet, &Eacute;lections Montr&eacute;al fournit aux &eacute;lecteurs et &eacute;lectrices toutes les informations n&eacute;cessaires pour exercer leur droit de vote.<\/p>\n\n\t<\/div>\n                                     <\/div>\n            <\/div>\n            <div class=\"col-md-1\"><\/div>\n            <div class=\"col-md-4 col-sm-8\">\n                <div class=\"pn-image reset-font \">\n\t<img decoding=\"async\" src=\"https:\/\/elections.montreal.ca\/wp-content\/uploads\/2021\/03\/p17-etape8-bloc.png\" alt=\"\"\/>\n\t<div class=\"overlay\"><\/div>\n<\/div>            <\/div>\n        <\/div>\n    <\/div>\n<\/div>\n\n\n<p><\/p>\n","protected":false},"excerpt":{"rendered":"","protected":false},"author":23,"featured_media":0,"parent":0,"menu_order":0,"comment_status":"closed","ping_status":"closed","template":"","meta":{"_acf_changed":false,"_relevanssi_hide_post":"","_relevanssi_hide_content":"","_relevanssi_pin_for_all":"","_relevanssi_pin_keywords":"","_relevanssi_unpin_keywords":"","_relevanssi_related_keywords":"","_relevanssi_related_include_ids":"","_relevanssi_related_exclude_ids":"","_relevanssi_related_no_append":"","_relevanssi_related_not_related":"","_relevanssi_related_posts":"1","_relevanssi_noindex_reason":"","inline_featured_image":false,"footnotes":""},"class_list":["post-167","page","type-page","status-publish","hentry"],"acf":[],"yoast_head":"<!-- This site is optimized with the Yoast SEO plugin v27.4 - https:\/\/yoast.com\/product\/yoast-seo-wordpress\/ -->\n<title>\u00c0 propos - \u00c9lections Montr\u00e9al<\/title>\n<meta name=\"robots\" content=\"index, follow, max-snippet:-1, max-image-preview:large, max-video-preview:-1\" \/>\n<link rel=\"canonical\" href=\"https:\/\/elections.montreal.ca\/fr\/a-propos\/\" \/>\n<meta property=\"og:locale\" content=\"fr_FR\" \/>\n<meta property=\"og:type\" content=\"article\" \/>\n<meta property=\"og:title\" content=\"\u00c0 propos - \u00c9lections Montr\u00e9al\" \/>\n<meta property=\"og:url\" content=\"https:\/\/elections.montreal.ca\/fr\/a-propos\/\" \/>\n<meta property=\"og:site_name\" content=\"\u00c9lections Montr\u00e9al\" \/>\n<meta property=\"article:publisher\" content=\"https:\/\/www.facebook.com\/electionMTL\" \/>\n<meta property=\"article:modified_time\" content=\"2025-06-11T15:59:09+00:00\" \/>\n<meta name=\"twitter:card\" content=\"summary_large_image\" \/>\n<meta name=\"twitter:site\" content=\"@election_MTL\" \/>\n<script type=\"application\/ld+json\" class=\"yoast-schema-graph\">{\"@context\":\"https:\\\/\\\/schema.org\",\"@graph\":[{\"@type\":\"WebPage\",\"@id\":\"https:\\\/\\\/elections.montreal.ca\\\/fr\\\/a-propos\\\/\",\"url\":\"https:\\\/\\\/elections.montreal.ca\\\/fr\\\/a-propos\\\/\",\"name\":\"\u00c0 propos - \u00c9lections Montr\u00e9al\",\"isPartOf\":{\"@id\":\"https:\\\/\\\/elections.montreal.ca\\\/fr\\\/#website\"},\"datePublished\":\"2020-11-20T21:50:42+00:00\",\"dateModified\":\"2025-06-11T15:59:09+00:00\",\"breadcrumb\":{\"@id\":\"https:\\\/\\\/elections.montreal.ca\\\/fr\\\/a-propos\\\/#breadcrumb\"},\"inLanguage\":\"fr-FR\",\"potentialAction\":[{\"@type\":\"ReadAction\",\"target\":[\"https:\\\/\\\/elections.montreal.ca\\\/fr\\\/a-propos\\\/\"]}]},{\"@type\":\"BreadcrumbList\",\"@id\":\"https:\\\/\\\/elections.montreal.ca\\\/fr\\\/a-propos\\\/#breadcrumb\",\"itemListElement\":[{\"@type\":\"ListItem\",\"position\":1,\"name\":\"Accueil\",\"item\":\"https:\\\/\\\/elections.montreal.ca\\\/fr\\\/\"},{\"@type\":\"ListItem\",\"position\":2,\"name\":\"\u00c0 propos\"}]},{\"@type\":\"WebSite\",\"@id\":\"https:\\\/\\\/elections.montreal.ca\\\/fr\\\/#website\",\"url\":\"https:\\\/\\\/elections.montreal.ca\\\/fr\\\/\",\"name\":\"\u00c9lections Montr\u00e9al\",\"description\":\"Un site utilisant WordPress\",\"potentialAction\":[{\"@type\":\"SearchAction\",\"target\":{\"@type\":\"EntryPoint\",\"urlTemplate\":\"https:\\\/\\\/elections.montreal.ca\\\/fr\\\/?s={search_term_string}\"},\"query-input\":{\"@type\":\"PropertyValueSpecification\",\"valueRequired\":true,\"valueName\":\"search_term_string\"}}],\"inLanguage\":\"fr-FR\"}]}<\/script>\n<!-- \/ Yoast SEO plugin. -->","yoast_head_json":{"title":"\u00c0 propos - \u00c9lections Montr\u00e9al","robots":{"index":"index","follow":"follow","max-snippet":"max-snippet:-1","max-image-preview":"max-image-preview:large","max-video-preview":"max-video-preview:-1"},"canonical":"https:\/\/elections.montreal.ca\/fr\/a-propos\/","og_locale":"fr_FR","og_type":"article","og_title":"\u00c0 propos - \u00c9lections Montr\u00e9al","og_url":"https:\/\/elections.montreal.ca\/fr\/a-propos\/","og_site_name":"\u00c9lections Montr\u00e9al","article_publisher":"https:\/\/www.facebook.com\/electionMTL","article_modified_time":"2025-06-11T15:59:09+00:00","twitter_card":"summary_large_image","twitter_site":"@election_MTL","schema":{"@context":"https:\/\/schema.org","@graph":[{"@type":"WebPage","@id":"https:\/\/elections.montreal.ca\/fr\/a-propos\/","url":"https:\/\/elections.montreal.ca\/fr\/a-propos\/","name":"\u00c0 propos - \u00c9lections Montr\u00e9al","isPartOf":{"@id":"https:\/\/elections.montreal.ca\/fr\/#website"},"datePublished":"2020-11-20T21:50:42+00:00","dateModified":"2025-06-11T15:59:09+00:00","breadcrumb":{"@id":"https:\/\/elections.montreal.ca\/fr\/a-propos\/#breadcrumb"},"inLanguage":"fr-FR","potentialAction":[{"@type":"ReadAction","target":["https:\/\/elections.montreal.ca\/fr\/a-propos\/"]}]},{"@type":"BreadcrumbList","@id":"https:\/\/elections.montreal.ca\/fr\/a-propos\/#breadcrumb","itemListElement":[{"@type":"ListItem","position":1,"name":"Accueil","item":"https:\/\/elections.montreal.ca\/fr\/"},{"@type":"ListItem","position":2,"name":"\u00c0 propos"}]},{"@type":"WebSite","@id":"https:\/\/elections.montreal.ca\/fr\/#website","url":"https:\/\/elections.montreal.ca\/fr\/","name":"\u00c9lections Montr\u00e9al","description":"Un site utilisant WordPress","potentialAction":[{"@type":"SearchAction","target":{"@type":"EntryPoint","urlTemplate":"https:\/\/elections.montreal.ca\/fr\/?s={search_term_string}"},"query-input":{"@type":"PropertyValueSpecification","valueRequired":true,"valueName":"search_term_string"}}],"inLanguage":"fr-FR"}]}},"_links":{"self":[{"href":"https:\/\/elections.montreal.ca\/fr\/wp-json\/wp\/v2\/pages\/167","targetHints":{"allow":["GET"]}}],"collection":[{"href":"https:\/\/elections.montreal.ca\/fr\/wp-json\/wp\/v2\/pages"}],"about":[{"href":"https:\/\/elections.montreal.ca\/fr\/wp-json\/wp\/v2\/types\/page"}],"author":[{"embeddable":true,"href":"https:\/\/elections.montreal.ca\/fr\/wp-json\/wp\/v2\/users\/23"}],"replies":[{"embeddable":true,"href":"https:\/\/elections.montreal.ca\/fr\/wp-json\/wp\/v2\/comments?post=167"}],"version-history":[{"count":1,"href":"https:\/\/elections.montreal.ca\/fr\/wp-json\/wp\/v2\/pages\/167\/revisions"}],"predecessor-version":[{"id":14386,"href":"https:\/\/elections.montreal.ca\/fr\/wp-json\/wp\/v2\/pages\/167\/revisions\/14386"}],"wp:attachment":[{"href":"https:\/\/elections.montreal.ca\/fr\/wp-json\/wp\/v2\/media?parent=167"}],"curies":[{"name":"wp","href":"https:\/\/api.w.org\/{rel}","templated":true}]}}

À propos

<!-- This site is optimized with the Yoast SEO plugin v27.4 - https://yoast.com/product/yoast-seo-wordpress/ -->
<title>À propos - Élections Montréal</title>
<meta name="robots" content="index, follow, max-snippet:-1, max-image-preview:large, max-video-preview:-1" />
<link rel="canonical" href="https://elections.montreal.ca/fr/a-propos/" />
<meta property="og:locale" content="fr_FR" />
<meta property="og:type" content="article" />
<meta property="og:title" content="À propos - Élections Montréal" />
<meta property="og:url" content="https://elections.montreal.ca/fr/a-propos/" />
<meta property="og:site_name" content="Élections Montréal" />
<meta property="article:publisher" content="https://www.facebook.com/electionMTL" />
<meta property="article:modified_time" content="2025-06-11T15:59:09+00:00" />
<meta name="twitter:card" content="summary_large_image" />
<meta name="twitter:site" content="@election_MTL" />
<script type="application/ld+json" class="yoast-schema-graph">{"@context":"https:\/\/schema.org","@graph":[{"@type":"WebPage","@id":"https:\/\/elections.montreal.ca\/fr\/a-propos\/","url":"https:\/\/elections.montreal.ca\/fr\/a-propos\/","name":"À propos - Élections Montréal","isPartOf":{"@id":"https:\/\/elections.montreal.ca\/fr\/#website"},"datePublished":"2020-11-20T21:50:42+00:00","dateModified":"2025-06-11T15:59:09+00:00","breadcrumb":{"@id":"https:\/\/elections.montreal.ca\/fr\/a-propos\/#breadcrumb"},"inLanguage":"fr-FR","potentialAction":[{"@type":"ReadAction","target":["https:\/\/elections.montreal.ca\/fr\/a-propos\/"]}]},{"@type":"BreadcrumbList","@id":"https:\/\/elections.montreal.ca\/fr\/a-propos\/#breadcrumb","itemListElement":[{"@type":"ListItem","position":1,"name":"Accueil","item":"https:\/\/elections.montreal.ca\/fr\/"},{"@type":"ListItem","position":2,"name":"À propos"}]},{"@type":"WebSite","@id":"https:\/\/elections.montreal.ca\/fr\/#website","url":"https:\/\/elections.montreal.ca\/fr\/","name":"Élections Montréal","description":"Un site utilisant WordPress","potentialAction":[{"@type":"SearchAction","target":{"@type":"EntryPoint","urlTemplate":"https:\/\/elections.montreal.ca\/fr\/?s={search_term_string}"},"query-input":{"@type":"PropertyValueSpecification","valueRequired":true,"valueName":"search_term_string"}}],"inLanguage":"fr-FR"}]}</script>
<!-- / Yoast SEO plugin. -->

À propos - Élections Montréal

Élections Montréal
